. Suppose y = -3*z + 12 + 30. Calculate the remainder when z is divided by 5.
4
Suppose 0 = -5*u + 23 + 197. Let j(i) = -i**2 + 12*i - 4. What is the remainder when u is divided by j(9)?
21
Suppose -2*k = -2 + 8. Let h be k/6*-4 + 2. Suppose h*r - 11 = z, 4*z = -0*r + 3*r + 8. What is the remainder when 10 is divided by r?
2
Let x = -3 + 0. Let d = x + 2. What is the remainder when d/((-8)/10)*44 is divided by 19?
17
Suppose 4*j + 0*j - 132 = 3*d, -j + d + 32 = 0. What is the remainder when j is divided by 19?
17
What is the remainder when 8/60 - 416/(-30) is divided by 5?
4
Suppose -4*n = -9*n + 60. What is the remainder when (-7)/(-2)*(-2 - -12) is divided by n?
11
Let v(s) = -7*s - 23. What is the remainder when 37 is divided by v(-6)?
18
Suppose 4*q = -3*l + 67, 4*q - 5*l - 91 = -0*q. What is the remainder when 0/(2/2) + 79 + -6 is divided by q?
16
Let w = -8 + 7. Let q(t) = 7*t**2. What is the remainder when q(w) is divided by 4?
3
Let k(p) = -p**3 + 7*p**2 + p - 8. Let r be k(7). Let u = 7 - r. Calculate the remainder when u is divided by 3.
2
Let w(x) = -x**2 + x + 17. What is the remainder when 32 is divided by w(0)?
15
Let d = 0 - -24. Let n = 27 - -20. Calculate the remainder when n is divided by d.
23
Let k(r) = 4*r - 2 + 0*r + 4. Let h = 15 - 9. Calculate the remainder when k(2) is divided by h.
4
Let m = -10 - -13. Suppose -8*f + m*f + 65 = 0. What is the remainder when 37 is divided by f?
11
Suppose -22 = 6*o - 118. Calculate the remainder when 77 is divided by o.
13
Let k(x) = x**2 + 4*x + 4. Let z(p) = -p**2 - 6*p + 2. Let m be z(-6). Let q = -2 - m. Calculate the remainder when 10 is divided by k(q).
2
Suppose 0 = 4*g - 59 + 7. Let j = -12 + 20. Calculate the remainder when g is divided by j.
5
Suppose 3*h - 207 = -s - s, 0 = 2*s + 4*h - 210. Calculate the remainder when s is divided by 25.
24
Let u = -6 - -4. Let w(r) = -r**3 - 3*r**2 + 7*r. What is the remainder when u/8 - 692/(-16) is divided by w(-5)?
13
Suppose -4*g + 4*z + 32 = 0, 2*z - 8 = -0*z. Let o(w) = 12*w - 1. What is the remainder when o(3) is divided by g?
11
Suppose -16 + 2 = -2*p. Calculate the remainder when 34 is divided by p.
6
Let f(m) = 5*m**2 + 3*m - 14. Let g(u) = 14*u**2 + 9*u - 41. Let n(v) = 17*f(v) - 6*g(v). Calculate the remainder when n(6) is divided by 9.
8
Let r = -3 + -1. What is the remainder when 53 is divided by -2*r/(-24)*-81?
26
Let d(f) = f**3 - 7*f**2 + 2*f + 2. Calculate the remainder when 31 is divided by d(7).
15
Suppose -v = 5*u + 3*v - 159, u - v - 30 = 0. What is the remainder when u is divided by 17?
14
Let p(i) = -9*i - 9. Let j be (-6)/(2/(-4)*-2). Let v be p(j). Let m = v + -23. What is the remainder when m is divided by 6?
4
Let h(q) = 2*q + 2. Calculate the remainder when h(3) is divided by 4.
0
Suppose -2*b + 34 = 3*a, b - 1 = 1. Calculate the remainder when a is divided by 4.
2
Suppose 28 = 5*d + 8. Let f = -14 - -28. What is the remainder when f is divided by d?
2
Suppose u - 38 = -t, 2*t - 3*u - 2*u = 104. What is the remainder when t is divided by 23?
19
Let c = 13 - 1. What is the remainder when 109*(-2)/(-10) + 17/85 is divided by c?
10
Let h = 71 - -11. Calculate the remainder when h is divided by 43.
39
Suppose -4*q - 142 = -458. What is the remainder when q is divided by 27?
25
Suppose 0 = 3*q - n - 40, q - 2*n - 5 = 5. Calculate the remainder when 83 is divided by q.
13
Suppose -5*p = -5*i - 345, -3*i - 347 = 2*p - 7*p. Suppose 5*t + j + 2*j - p = 0, 2*j + 95 = 5*t. What is the remainder when t is divided by 6?
5
Let d be (-1 - 1) + (4 - -34). Suppose d = 4*w + 4. Suppose 4*l - 4*u - 140 = w, 3*u - 111 = -3*l. Calculate the remainder when l is divided by 13.
11
Let w be (-2)/7 + (-144)/(-14). Let j = 24 + w. Suppose 0 = p + p + 4*n - 16, 2*n = -10. What is the remainder when j is divided by p?
16
Let n be (0/3)/(-1 + 0). Suppose -4*m + 2*w = -n*w - 44, 4*w - 11 = -3*m. Let q(s) = -s**2 - 4*s + 5. What is the remainder when m is divided by q(-4)?
4
Suppose 4*u + 2*t - 37 = -11, 18 = 3*u + t. Let h(o) = 9*o + 5. Let p be h(-7). What is the remainder when p/(-4) + (-1)/2 is divided by u?
4
Let r = -11 + 22. Let j = -9 - -20. Suppose -5*f - j = -3*y + 11, 5*y - 24 = 2*f. What is the remainder when r is divided by y?
3
Let u be (5 - (-2 + -1))*3. Suppose -31 = -5*k + u. Calculate the remainder when 20 is divided by k.
9
Suppose 7 = g - 40. Suppose 5*u - 49 = 3*s, -4*u + 5*s + g = -0*u. What is the remainder when u is divided by 6?
2
Suppose 2*v = l + 4*l - 13, -5*l + 15 = 0. Let m = v - -1. Calculate the remainder when m is divided by 2.
0
Suppose -3*p - 2*p = -60. What is the remainder when 35 is divided by p?
11
Let t(c) = c**2 + 23*c + 155. Let x(n) = -n - 5*n + 3*n + 6*n**2. Calculate the remainder when t(-15) is divided by x(2).
17
Calculate the remainder when 85 is divided by -6*(-5)/20*10.
10
Suppose 10*b - 45 = 5*b. Let x(f) = -f**2 + 1. Let z be x(1). Let y = z + b. Calculate the remainder when 17 is divided by y.
8
What is the remainder when 23 is divided by -4*(-3)/(-21)*-14?
7
Let j(d) = d**2 + 2*d - 9. Calculate the remainder when 16 is divided by j(3).
4
Suppose -3*k - t = -102, -149 + 47 = -3*k + 2*t. What is the remainder when k is divided by 9?
7
Suppose 2*t - 38 - 78 = -3*g, -3*t - 168 = -5*g. What is the remainder when 106 is divided by g?
34
Let o be (12/(-9) + 1)*-15. Suppose -o*z - 4*c = -4 - 36, -4*z - c = -32. Suppose -6*j = -4*j - z. What is the remainder when 7 is divided by j?
3
Let v(c) = -c**3 - 11*c**2 + 12*c + 17. What is the remainder when 83 is divided by v(-12)?
15
Let y(r) = 13*r**2 + 9*r + 9. Calculate the remainder when y(-3) is divided by 10.
9
Let i(g) = -5*g - 3. Let q = -3 - -38. Calculate the remainder when q is divided by i(-3).
11
Suppose -46 = 4*v - 358. Let j = v - 50. Calculate the remainder when j is divided by 15.
13
Let u(b) = 18*b**2 - 3*b + 3. What is the remainder when u(1) is divided by 10?
8
Let l = 61 - 40. What is the remainder when l is divided by 32/(-12)*-3*(3 + -2)?
5
Let s(h) = h**3 + 5*h**2 + h + 5. Let b be s(-5). Suppose 2*q - q - 34 = b. Calculate the remainder when q is divided by 18.
16
Suppose 3*d = -2*n + 20, 3*d + 4*n - 44 = -16. Let x = 0 + d. Let k(u) = 3*u - 9. What is the remainder when k(6) is divided by x?
1
Let b = 31 - 12. What is the remainder when b is divided by (-23 - -1)/(2 + (-1 - 3))?
8
Let n = -5 - -8. Suppose -5*w + 2*d - d = -39, 5*w = n*d + 47. What is the remainder when 12 is divided by w?
5
Let o = 32 - 23. Calculate the remainder when 49/3 + (-1)/3 is divided by o.
7
Suppose d = 1 - 2. Let c be 0 + (4 - (d + 1)). Suppose 0 = c*x - 41 - 19. What is the remainder when 44 is divided by x?
14
Let i(o) = 2*o**3 - 5*o**2 + 2*o. Let l(z) = z**2 - 2*z + 3. Let h be l(2). Calculate the remainder when i(h) is divided by 9.
6
Suppose 0*u - 3*u = -42. What is the remainder when 53 is divided by u?
11
What is the remainder when 49 is divided by (-2)/(-3) + (-511)/(-21)?
24
Let r(g) = -2*g - 6 + g**2 + 7 - 2*g. Calculate the remainder when r(-4) is divided by 9.
6
Let d = -33 + 60. Let r = -76 - -129. What is the remainder when r is divided by d?
26
Suppose 0 = 5*f - 10, 2*r - 3*f - 14 = -5*f. Let w = -19 + 17. Calculate the remainder when 40 is divided by (-35)/w*4/r.
12
Let l = -36 + 127. Calculate the remainder when l is divided by 32.
27
Suppose 0*v - 6 = -v. Suppose 27 = t + v. Calculate the remainder when t is divided by 11.
10
Suppose 4*i = 2*i + 112. Suppose 5*t = -2*z + 145, -2*z + t + i = -83. Calculate the remainder when z is divided by 18.
16
Suppose 33*u = 35*u - 158. What is the remainder when u is divided by 40?
39
Suppose 2*j + 3*j - 45 = 0. Suppose 2*z - 4*n = 3*z + j, n = -2*z + 3. Suppose 8*p - z*p = 35. What is the remainder when 20 is divided by p?
6
Let h(y) = y**3 - 18*y**2 - 18*y + 17. What is the remainder when 141 is divided by h(19)?
33
What is the remainder when (-2 + 0)*54/(-4) is divided by 9 + 0 + 4 + 2?
12
Let c(a) = -a**3 + 11*a**2 - 13*a + 4. What is the remainder when c(9) is divided by 11?
5
Suppose 0 = -5*i + 5*s + 90 - 0, -s + 92 = 4*i. Suppose 77 = 2*u - x - 5, -3*u + x = -125. What is the remainder when u is divided by i?
21
Let q(h) = -3 - 8*h + 10 + 5*h. What is the remainder when q(-11) is divid